 839
List the prime factors of 2123.
11, 193
What are the prime factors of 1093?
1093
What are the prime factors of 29083?
127, 229
What are the prime factors of 1135?
5, 227
What are the prime factors of 3272?
2, 409
What are the prime factors of 17878?
2, 7, 1277
List the prime factors of 63960.
2, 3, 5, 13, 41
What are the prime factors of 7859?
29, 271
List the prime factors of 1080.
2, 3, 5
List the prime factors of 1190.
2, 5, 7, 17
What are the prime factors of 64479?
3, 21493
What are the prime factors of 574?
2, 7, 41
What are the prime factors of 54000?
2, 3, 5
What are the prime factors of 24114?
2, 3, 4019
What are the prime factors of 345?
3, 5, 23
What are the prime factors of 11608?
2, 1451
What are the prime factors of 10117?
67, 151
List the prime factors of 957.
3, 11, 29
What are the prime factors of 23634?
2, 3, 13, 101
What are the prime factors of 7570?
2, 5, 757
List the prime factors of 42637.
7, 6091
List the prime factors of 38003.
7, 61, 89
What are the prime factors of 5261?
5261
What are the prime factors of 2350?
2, 5, 47
What are the prime factors of 14880?
2, 3, 5, 31
What are the prime factors of 2883?
3, 31
What are the prime factors of 124476?
2, 3, 11, 23, 41
What are the prime factors of 2127?
3, 709
List the prime factors of 13682.
2, 6841
List the prime factors of 427.
7, 61
What are the prime factors of 30379?
17, 1787
What are the prime factors of 4966?
2, 13, 191
List the prime factors of 10402.
2, 7, 743
List the prime factors of 32909.
32909
List the prime factors of 13985.
5, 2797
List the prime factors of 2626.
2, 13, 101
What are the prime factors of 3190?
2, 5, 11, 29
List the prime factors of 2888.
2, 19
What are the prime factors of 339?
3, 113
What are the prime factors of 57443?
17, 31, 109
What are the prime factors of 5103?
3, 7
What are the prime factors of 2779?
7, 397
What are the prime factors of 62916?
2, 3, 7, 107
List the prime factors of 5342.
2, 2671
List the prime factors of 2883.
3, 31
List the prime factors of 1392.
2, 3, 29
List the prime factors of 30688.
2, 7, 137
List the prime factors of 18824.
2, 13, 181
What are the prime factors of 12204?
2, 3, 113
List the prime factors of 6568.
2, 821
List the prime factors of 12115.
5, 2423
List the prime factors of 2953.
2953
List the prime factors of 149.
149
What are the prime factors of 1764?
2, 3, 7
List the prime factors of 2081.
2081
What are the prime factors of 13281?
3, 19, 233
What are the prime factors of 1082?
2, 541
List the prime factors of 1284.
2, 3, 107
What are the prime factors of 5640?
2, 3, 5, 47
What are the prime factors of 4889?
4889
List the prime factors of 9189.
3, 1021
What are the prime factors of 42?
2, 3, 7
What are the prime factors of 94498?
2, 37, 1277
What are the prime factors of 691?
691
What are the prime factors of 1361?
1361
What are the prime factors of 2592?
2, 3
List the prime factors of 1208.
2, 151
List the prime factors of 639.
3, 71
What are the prime factors of 13036?
2, 3259
List the prime factors of 144892.
2, 11, 37, 89
What are the prime factors of 10777?
13, 829
What are the prime factors of 169?
13
List the prime factors of 45338.
2, 22669
What are the prime factors of 788?
2, 197
What are the prime factors of 18306?
2, 3, 113
What are the prime factors of 48235?
5, 11, 877
What are the prime factors of 551?
19, 29
List the prime factors of 240.
2, 3, 5
What are the prime factors of 4059?
3, 11, 41
List the prime factors of 4786.
2, 2393
List the prime factors of 4445.
5, 7, 127
List the prime factors of 54366.
2, 3, 13, 17, 41
List the prime factors of 1183.
7, 13
List the prime factors of 1793.
11, 163
List the prime factors of 80946.
2, 3, 1499
List the prime factors of 24198.
2, 3, 37, 109
List the prime factors of 765.
3, 5, 17
What are the prime factors of 928?
2, 29
What are the prime factors of 2283?
3, 761
What are the prime factors of 1415?
5, 283
List the prime factors of 30257.
79, 383
What are the prime factors of 514?
2, 257
What are the prime factors of 274?
2, 137
List the prime factors of 5106.
2, 3, 23, 37
What are the prime factors of 1085?
5, 7, 31
List the prime factors of 114555.
3, 5, 7, 1091
List the prime factors of 556.
2, 139
List the prime factors of 73447.
11, 607
What are the prime factors of 16248?
2, 3, 677
What are the prime factors of 11488?
2, 359
List the prime factors of 3486.
2, 3, 7, 83
List the prime factors of 478.
2, 239
What are the prime factors of 1783?
1783
List the prime factors of 148837.
13, 107
What are the prime factors of 2119?
13, 163
List the prime factors of 2538.
2, 3, 47
What are the prime factors of 40?
2, 5
What are the prime factors of 99481?
53, 1877
List the prime factors of 1209.
3, 13, 31
What are the prime factors of 2379?
3, 13, 61
What are the prime factors of 9248?
2, 17
What are the prime factors of 1391?
13, 107
List the prime factors of 3270.
2, 3, 5, 109
What are the prime factors of 4487?
7, 641
List the prime factors of 3619.
7, 11, 47
What are the prime factors of 7074?
2, 3, 131
What are the prime factors of 65152?
2, 509
List the prime factors of 26599.
67, 397
What are the prime factors of 11889?
3, 1321
What are the prime factors of 45732?
2, 3, 37, 103
What are the prime factors of 2068?
2, 11, 47
List the prime factors of 1174.
2, 587
List the prime factors of 977.
977
What are the prime factors of 23452?
2, 11, 13, 41
What are the prime factors of 6508?
2, 1627
What are the prime factors of 37122?
2, 3, 23, 269
List the prime factors of 1371.
3, 457
What are the prime factors of 7884?
2, 3, 73
What are the prime factors of 52101?
3, 7, 827
List the prime factors of 73103.
41, 1783
What are the prime factors of 9703?
31, 313
What are the prime factors of 43247?
59, 733
List the prime factors of 116.
2, 29
List the prime factors of 1937.
13, 149
List the prime factors of 28298.
2, 14149
What are the prime factors of 1052?
2, 263
List the prime factors of 1485.
3, 5, 11
What are the prime factors of 71232?
2, 3, 7, 53
List the prime factors of 31608.
2, 3, 439
What are the prime factors of 1256?
2, 157
What are the prime factors of 49920?
2, 3, 5, 13
What are the prime factors of 1036?
2, 7, 37
List the prime factors of 2170.
2, 5, 7, 31
What are the prime factors of 2680?
2, 5, 67
What are the prime factors of 14803?
113, 131
List the prime factors of 12560.
2, 5, 157
What are the prime factors of 275?
5, 11
What are the prime factors of 16774?
2, 8387
List the prime factors of 918.
2, 3, 17
List the prime factors of 1895.
5, 379
List the prime factors of 56699.
31, 59
What are the prime factors of 1162?
2, 7, 83
List the prime factors of 15910.
2, 5, 37, 43
What are the prime factors of 4056?
2, 3, 13
What are the prime factors of 5415?
3, 5, 19
What are the prime factors of 29845?
5, 47, 127
List the prime factors of 1421.
7, 29
What are the prime factors of 9264?
2, 3, 193
What are the prime factors of 152482?
2, 11, 29, 239
List the prime factors of 1260.
2, 3, 5, 7
List the prime factors of 47123.
47123
List the prime factors of 68948.
2, 11, 1567
What are the prime factors of 11705?
5, 2341
What are the prime factors of 3726?
2, 3, 23
What are the prime factors of 195450?
2, 3, 5, 1303
What are the prime factors of 11722?
2, 5861
List the prime factors of 19773.
3, 13
List the prime factors of 2029.
2029
What are the prime factors of 18898?
2, 11, 859
What are the prime factors of 700?
2, 5, 7
List the prime factors of 7132.
2, 1783
What are the prime factors of 50104?
2, 6263
What are the prime factors of 31529?
41, 769
List the prime factors of 1934.
2, 967
What are the prime factors of 25816?
2, 7, 461
List the prime factors of 22109.
22109
List the prime factors of 6094.
2, 11, 277
What are the prime factors of 2379?
3, 13, 61
What are the prime factors of 6178?
2, 3089
List the prime factors of 1994.
2, 997
What are the prime factors of 1622?
2, 811
What are the prime factors of 1590?
2, 3, 5, 53
List the prime factors of 43053.
3, 113, 127
What are the prime factors of 463?
463
What are the prime factors of 1549?
1549
List the prime factors of 504.
2, 3, 7
What are the prime factors of 44769?
3, 14923
What are the prime factors of 1103?
1103
List the prime factors of 21448.
2, 7, 383
L